{"id":13,"date":"2026-03-27T14:36:20","date_gmt":"2026-03-27T13:36:20","guid":{"rendered":"https:\/\/wp13.cours-copm2061.helha.be\/?page_id=13"},"modified":"2026-04-07T12:03:31","modified_gmt":"2026-04-07T10:03:31","slug":"formulaire-de-satisfacton","status":"publish","type":"page","link":"https:\/\/wp13.cours-copm2061.helha.be\/?page_id=13","title":{"rendered":"Formulaire de satisfaction"},"content":{"rendered":"\n<p>Votre avis compte pour nous ! Remplissez notre formulaire.<\/p>\n\n\n\n<p>Chez La Baguette, nous souhaitons offrir la meilleure exp\u00e9rience possible. C&rsquo;est pourquoi nous avons mis en place un petit questionnaire simple et rapide \u00e0 compl\u00e9ter. Votre satisfaction est donc notre priorit\u00e9.<\/p>\n\n\n\n<p>De plus, vos suggestions nous permettent d&rsquo;innover et de proposer de nouvelles id\u00e9es adapt\u00e9es \u00e0 vos attentes. Que ce soit pour nos sandwichs, nos goodies, nos concours ou encore notre ambiance parisienne car votre retour nous aide a \u00e9voluer continuellement. <\/p>\n\n\n\n<p>Ainsi, en prenant quelques minutes pour r\u00e9pondre \u00e0 notre formulaire, vous participez directement \u00e0 l&rsquo;am\u00e9lioration de notre foodtruck. Nous vous remercions sinc\u00e8rement pour votre aide et votre confiance. <\/p>\n\n\n\n<p>Ce formulaire de satisfaction nous permet d&rsquo;am\u00e9liorer nos services et de mieux r\u00e9pondre \u00e0 vos attentes.<\/p>\n\n\n\n<p>Cliquez <a href=\"https:\/\/www.formulairelabaguettesatisfaction.be\">ici<\/a> pour avoir acc\u00e8s \u00e0 ce formulaire. <\/p>\n\n\n\n<p>Vous pouvez \u00e9galement nous rejoindre et partager votre exp\u00e9rience sur nos r\u00e9seaux sociaux. Alors suivez nous pour d\u00e9couvrir nos nouveaut\u00e9s, nos produits et les coulisses de notre foodtruck parisiens. On partage r\u00e9guli\u00e8rement les avis de notre client\u00e8le via des story, on interagit avec vous et surtout, on vous mo<\/p>\n\n\n\n<p>D&rsquo;ailleurs, envie d&rsquo;en savoir plus sur notre univers ? D\u00e9couvrez notre concept et nos valeurs \u00e0 travers notre page d\u00e9di\u00e9e :<a href=\"https:\/\/wp13.cours-copm2061.helha.be\/?page_id=6\"> ici.<\/a><\/p>\n\n\n\n<p>Votre retour nous aide \u00e0 \u00e9voluer et \u00e0 vous proposer une exp\u00e9rience toujours plus qualitative et authentique.<\/p>\n\n\n\n<h2 class=\"wp-block-heading\">Ce que votre avis a d\u00e9j\u00e0 chang\u00e9 gr\u00e2ce \u00e0 notre formulaire de satisfaction? <\/h2>\n\n\n\n<p>Chez La Baguette, vos retours ont un r\u00e9el impact sur nos d\u00e9cision. En effet, nous prenons en compte chaque avis afin d&rsquo;am\u00e9liorer continuellement notre offre.<\/p>\n\n\n\n<p>Par exemple, un sandwich qui ne faisait pas partie de notre menu principal a \u00e9t\u00e9 retir\u00e9 apr\u00e8s que plusieurs clients nous ont partag\u00e9 leur d\u00e9ception. Nous avons donc pris la d\u00e9cision de le supprimer pour mieux r\u00e9pondre \u00e0 vos attentes.<\/p>\n\n\n\n<p>Ensuite, gr\u00e2ce aux votes r\u00e9alis\u00e9s sur nos <a href=\"https:\/\/lesreseauxsociauxlabaguette.be\">r\u00e9seaux sociaux<\/a>, nous avons cr\u00e9\u00e9 un tout nouveau produit : le sandwich \u00e0 la truffe. Ce dernier a rapidement rencontr\u00e9 un grand succ\u00e8s aupr\u00e8s de notre client\u00e8le et est aujourd&rsquo;hui l&rsquo;un de nos produits les plus appr\u00e9ci\u00e9s. <\/p>\n\n\n\n<p>Ainsi, votre avis ne reste pas sans effet : il participe directement \u00e0 l&rsquo;\u00e9volution de notre foodtruck et \u00e0 la cr\u00e9ation de nouveaut\u00e9s.<\/p>\n\n\n\n<figure class=\"wp-block-image size-full is-resized\"><img loading=\"lazy\" decoding=\"async\" width=\"436\" height=\"432\" src=\"https:\/\/wp13.cours-copm2061.helha.be\/wp-content\/uploads\/2026\/04\/satisfaction.png\" alt=\"Formulaire\n\" class=\"wp-image-53\" style=\"aspect-ratio:1.0092909535452323;width:645px;height:auto\" srcset=\"https:\/\/wp13.cours-copm2061.helha.be\/wp-content\/uploads\/2026\/04\/satisfaction.png 436w, https:\/\/wp13.cours-copm2061.helha.be\/wp-content\/uploads\/2026\/04\/satisfaction-300x297.png 300w, https:\/\/wp13.cours-copm2061.helha.be\/wp-content\/uploads\/2026\/04\/satisfaction-150x150.png 150w\" sizes=\"auto, (max-width: 436px) 100vw, 436px\" \/><\/figure>\n\n\n\n<p><\/p>\n","protected":false},"excerpt":{"rendered":"<p>Votre avis compte pour nous ! Remplissez notre formulaire. Chez La Baguette, nous souhaitons offrir la meilleure exp\u00e9rience possible. C&rsquo;est pourquoi nous avons mis en place un petit questionnaire simple et rapide \u00e0 compl\u00e9ter. Votre satisfaction est donc notre priorit\u00e9. De plus, vos suggestions nous permettent d&rsquo;innover et de proposer de nouvelles id\u00e9es adapt\u00e9es \u00e0 [&hellip;]<\/p>\n","protected":false},"author":1,"featured_media":0,"parent":0,"menu_order":0,"comment_status":"closed","ping_status":"closed","template":"","meta":{"footnotes":""},"class_list":["post-13","page","type-page","status-publish","hentry"],"yoast_head":"<!-- This site is optimized with the Yoast SEO plugin v27.2 - https:\/\/yoast.com\/product\/yoast-seo-wordpress\/ -->\n<title>Formulaire de satisfaction - Donnez votre avis sur La Baguette !<\/title>\n<meta name=\"description\" content=\"Formulaire de satisfaction en ligne, donnez votre avis sur notre foodtruck parisien La Baguette. Aidez nous \u00e0 am\u00e9liorer votre exp\u00e9rience!\" \/>\n<meta name=\"robots\" content=\"index, follow, max-snippet:-1, max-image-preview:large, max-video-preview:-1\" \/>\n<link rel=\"canonical\" href=\"https:\/\/wp13.cours-copm2061.helha.be\/?page_id=13\" \/>\n<meta property=\"og:locale\" content=\"fr_FR\" \/>\n<meta property=\"og:type\" content=\"article\" \/>\n<meta property=\"og:title\" content=\"Formulaire de satisfaction - Donnez votre avis sur La Baguette !\" \/>\n<meta property=\"og:description\" content=\"Formulaire de satisfaction en ligne, donnez votre avis sur notre foodtruck parisien La Baguette. Aidez nous \u00e0 am\u00e9liorer votre exp\u00e9rience!\" \/>\n<meta property=\"og:url\" content=\"https:\/\/wp13.cours-copm2061.helha.be\/?page_id=13\" \/>\n<meta property=\"og:site_name\" content=\"La Baguette\" \/>\n<meta property=\"article:modified_time\" content=\"2026-04-07T10:03:31+00:00\" \/>\n<meta property=\"og:image\" content=\"https:\/\/wp13.cours-copm2061.helha.be\/wp-content\/uploads\/2026\/04\/satisfaction.png\" \/>\n\t<meta property=\"og:image:width\" content=\"436\" \/>\n\t<meta property=\"og:image:height\" content=\"432\" \/>\n\t<meta property=\"og:image:type\" content=\"image\/png\" \/>\n<meta name=\"twitter:card\" content=\"summary_large_image\" \/>\n<meta name=\"twitter:label1\" content=\"Dur\u00e9e de lecture estim\u00e9e\" \/>\n\t<meta name=\"twitter:data1\" content=\"3 minutes\" \/>\n<script type=\"application\/ld+json\" class=\"yoast-schema-graph\">{\"@context\":\"https:\/\/schema.org\",\"@graph\":[{\"@type\":\"WebPage\",\"@id\":\"https:\/\/wp13.cours-copm2061.helha.be\/?page_id=13\",\"url\":\"https:\/\/wp13.cours-copm2061.helha.be\/?page_id=13\",\"name\":\"Formulaire de satisfaction - Donnez votre avis sur La Baguette !\",\"isPartOf\":{\"@id\":\"https:\/\/wp13.cours-copm2061.helha.be\/#website\"},\"primaryImageOfPage\":{\"@id\":\"https:\/\/wp13.cours-copm2061.helha.be\/?page_id=13#primaryimage\"},\"image\":{\"@id\":\"https:\/\/wp13.cours-copm2061.helha.be\/?page_id=13#primaryimage\"},\"thumbnailUrl\":\"https:\/\/wp13.cours-copm2061.helha.be\/wp-content\/uploads\/2026\/04\/satisfaction.png\",\"datePublished\":\"2026-03-27T13:36:20+00:00\",\"dateModified\":\"2026-04-07T10:03:31+00:00\",\"description\":\"Formulaire de satisfaction en ligne, donnez votre avis sur notre foodtruck parisien La Baguette. Aidez nous \u00e0 am\u00e9liorer votre exp\u00e9rience!\",\"breadcrumb\":{\"@id\":\"https:\/\/wp13.cours-copm2061.helha.be\/?page_id=13#breadcrumb\"},\"inLanguage\":\"fr-FR\",\"potentialAction\":[{\"@type\":\"ReadAction\",\"target\":[\"https:\/\/wp13.cours-copm2061.helha.be\/?page_id=13\"]}]},{\"@type\":\"ImageObject\",\"inLanguage\":\"fr-FR\",\"@id\":\"https:\/\/wp13.cours-copm2061.helha.be\/?page_id=13#primaryimage\",\"url\":\"https:\/\/wp13.cours-copm2061.helha.be\/wp-content\/uploads\/2026\/04\/satisfaction.png\",\"contentUrl\":\"https:\/\/wp13.cours-copm2061.helha.be\/wp-content\/uploads\/2026\/04\/satisfaction.png\",\"width\":436,\"height\":432},{\"@type\":\"BreadcrumbList\",\"@id\":\"https:\/\/wp13.cours-copm2061.helha.be\/?page_id=13#breadcrumb\",\"itemListElement\":[{\"@type\":\"ListItem\",\"position\":1,\"name\":\"Accueil\",\"item\":\"https:\/\/wp13.cours-copm2061.helha.be\/\"},{\"@type\":\"ListItem\",\"position\":2,\"name\":\"Formulaire de satisfaction\"}]},{\"@type\":\"WebSite\",\"@id\":\"https:\/\/wp13.cours-copm2061.helha.be\/#website\",\"url\":\"https:\/\/wp13.cours-copm2061.helha.be\/\",\"name\":\"La Baguette\",\"description\":\"Viens me croquer\",\"publisher\":{\"@id\":\"https:\/\/wp13.cours-copm2061.helha.be\/#organization\"},\"potentialAction\":[{\"@type\":\"SearchAction\",\"target\":{\"@type\":\"EntryPoint\",\"urlTemplate\":\"https:\/\/wp13.cours-copm2061.helha.be\/?s={search_term_string}\"},\"query-input\":{\"@type\":\"PropertyValueSpecification\",\"valueRequired\":true,\"valueName\":\"search_term_string\"}}],\"inLanguage\":\"fr-FR\"},{\"@type\":\"Organization\",\"@id\":\"https:\/\/wp13.cours-copm2061.helha.be\/#organization\",\"name\":\"La Baguette\",\"url\":\"https:\/\/wp13.cours-copm2061.helha.be\/\",\"logo\":{\"@type\":\"ImageObject\",\"inLanguage\":\"fr-FR\",\"@id\":\"https:\/\/wp13.cours-copm2061.helha.be\/#\/schema\/logo\/image\/\",\"url\":\"https:\/\/wp13.cours-copm2061.helha.be\/wp-content\/uploads\/2026\/04\/Agence-Voyage-Logo-Entreprise-Marque-Identite-Rose-Rouge-1.png\",\"contentUrl\":\"https:\/\/wp13.cours-copm2061.helha.be\/wp-content\/uploads\/2026\/04\/Agence-Voyage-Logo-Entreprise-Marque-Identite-Rose-Rouge-1.png\",\"width\":2000,\"height\":2000,\"caption\":\"La Baguette\"},\"image\":{\"@id\":\"https:\/\/wp13.cours-copm2061.helha.be\/#\/schema\/logo\/image\/\"}}]}<\/script>\n<!-- \/ Yoast SEO plugin. -->","yoast_head_json":{"title":"Formulaire de satisfaction - Donnez votre avis sur La Baguette !","description":"Formulaire de satisfaction en ligne, donnez votre avis sur notre foodtruck parisien La Baguette. Aidez nous \u00e0 am\u00e9liorer votre exp\u00e9rience!","robots":{"index":"index","follow":"follow","max-snippet":"max-snippet:-1","max-image-preview":"max-image-preview:large","max-video-preview":"max-video-preview:-1"},"canonical":"https:\/\/wp13.cours-copm2061.helha.be\/?page_id=13","og_locale":"fr_FR","og_type":"article","og_title":"Formulaire de satisfaction - Donnez votre avis sur La Baguette !","og_description":"Formulaire de satisfaction en ligne, donnez votre avis sur notre foodtruck parisien La Baguette. Aidez nous \u00e0 am\u00e9liorer votre exp\u00e9rience!","og_url":"https:\/\/wp13.cours-copm2061.helha.be\/?page_id=13","og_site_name":"La Baguette","article_modified_time":"2026-04-07T10:03:31+00:00","og_image":[{"width":436,"height":432,"url":"https:\/\/wp13.cours-copm2061.helha.be\/wp-content\/uploads\/2026\/04\/satisfaction.png","type":"image\/png"}],"twitter_card":"summary_large_image","twitter_misc":{"Dur\u00e9e de lecture estim\u00e9e":"3 minutes"},"schema":{"@context":"https:\/\/schema.org","@graph":[{"@type":"WebPage","@id":"https:\/\/wp13.cours-copm2061.helha.be\/?page_id=13","url":"https:\/\/wp13.cours-copm2061.helha.be\/?page_id=13","name":"Formulaire de satisfaction - Donnez votre avis sur La Baguette !","isPartOf":{"@id":"https:\/\/wp13.cours-copm2061.helha.be\/#website"},"primaryImageOfPage":{"@id":"https:\/\/wp13.cours-copm2061.helha.be\/?page_id=13#primaryimage"},"image":{"@id":"https:\/\/wp13.cours-copm2061.helha.be\/?page_id=13#primaryimage"},"thumbnailUrl":"https:\/\/wp13.cours-copm2061.helha.be\/wp-content\/uploads\/2026\/04\/satisfaction.png","datePublished":"2026-03-27T13:36:20+00:00","dateModified":"2026-04-07T10:03:31+00:00","description":"Formulaire de satisfaction en ligne, donnez votre avis sur notre foodtruck parisien La Baguette. Aidez nous \u00e0 am\u00e9liorer votre exp\u00e9rience!","breadcrumb":{"@id":"https:\/\/wp13.cours-copm2061.helha.be\/?page_id=13#breadcrumb"},"inLanguage":"fr-FR","potentialAction":[{"@type":"ReadAction","target":["https:\/\/wp13.cours-copm2061.helha.be\/?page_id=13"]}]},{"@type":"ImageObject","inLanguage":"fr-FR","@id":"https:\/\/wp13.cours-copm2061.helha.be\/?page_id=13#primaryimage","url":"https:\/\/wp13.cours-copm2061.helha.be\/wp-content\/uploads\/2026\/04\/satisfaction.png","contentUrl":"https:\/\/wp13.cours-copm2061.helha.be\/wp-content\/uploads\/2026\/04\/satisfaction.png","width":436,"height":432},{"@type":"BreadcrumbList","@id":"https:\/\/wp13.cours-copm2061.helha.be\/?page_id=13#breadcrumb","itemListElement":[{"@type":"ListItem","position":1,"name":"Accueil","item":"https:\/\/wp13.cours-copm2061.helha.be\/"},{"@type":"ListItem","position":2,"name":"Formulaire de satisfaction"}]},{"@type":"WebSite","@id":"https:\/\/wp13.cours-copm2061.helha.be\/#website","url":"https:\/\/wp13.cours-copm2061.helha.be\/","name":"La Baguette","description":"Viens me croquer","publisher":{"@id":"https:\/\/wp13.cours-copm2061.helha.be\/#organization"},"potentialAction":[{"@type":"SearchAction","target":{"@type":"EntryPoint","urlTemplate":"https:\/\/wp13.cours-copm2061.helha.be\/?s={search_term_string}"},"query-input":{"@type":"PropertyValueSpecification","valueRequired":true,"valueName":"search_term_string"}}],"inLanguage":"fr-FR"},{"@type":"Organization","@id":"https:\/\/wp13.cours-copm2061.helha.be\/#organization","name":"La Baguette","url":"https:\/\/wp13.cours-copm2061.helha.be\/","logo":{"@type":"ImageObject","inLanguage":"fr-FR","@id":"https:\/\/wp13.cours-copm2061.helha.be\/#\/schema\/logo\/image\/","url":"https:\/\/wp13.cours-copm2061.helha.be\/wp-content\/uploads\/2026\/04\/Agence-Voyage-Logo-Entreprise-Marque-Identite-Rose-Rouge-1.png","contentUrl":"https:\/\/wp13.cours-copm2061.helha.be\/wp-content\/uploads\/2026\/04\/Agence-Voyage-Logo-Entreprise-Marque-Identite-Rose-Rouge-1.png","width":2000,"height":2000,"caption":"La Baguette"},"image":{"@id":"https:\/\/wp13.cours-copm2061.helha.be\/#\/schema\/logo\/image\/"}}]}},"_links":{"self":[{"href":"https:\/\/wp13.cours-copm2061.helha.be\/index.php?rest_route=\/wp\/v2\/pages\/13","targetHints":{"allow":["GET"]}}],"collection":[{"href":"https:\/\/wp13.cours-copm2061.helha.be\/index.php?rest_route=\/wp\/v2\/pages"}],"about":[{"href":"https:\/\/wp13.cours-copm2061.helha.be\/index.php?rest_route=\/wp\/v2\/types\/page"}],"author":[{"embeddable":true,"href":"https:\/\/wp13.cours-copm2061.helha.be\/index.php?rest_route=\/wp\/v2\/users\/1"}],"replies":[{"embeddable":true,"href":"https:\/\/wp13.cours-copm2061.helha.be\/index.php?rest_route=%2Fwp%2Fv2%2Fcomments&post=13"}],"version-history":[{"count":2,"href":"https:\/\/wp13.cours-copm2061.helha.be\/index.php?rest_route=\/wp\/v2\/pages\/13\/revisions"}],"predecessor-version":[{"id":54,"href":"https:\/\/wp13.cours-copm2061.helha.be\/index.php?rest_route=\/wp\/v2\/pages\/13\/revisions\/54"}],"wp:attachment":[{"href":"https:\/\/wp13.cours-copm2061.helha.be\/index.php?rest_route=%2Fwp%2Fv2%2Fmedia&parent=13"}],"curies":[{"name":"wp","href":"https:\/\/api.w.org\/{rel}","templated":true}]}}